e d(j).
6
Let r be 6 - (1*(5 + -2) - -1). Let n(y) = -2*y. Calculate n(r).
-4
Let x(r) be the first derivative of -r**5/120 - 5*r**4/24 - r**3 - 1. Let i(m) be the third derivative of x(m). Calculate i(-4).
-1
Let u(m) = -m**2 + 2*m + 2. Let a(h) = 2*h**2 - 4*h - 4. Let o(w) = -6*a(w) - 11*u(w). Calculate o(4).
-6
Let d(b) = 14*b**3 - 15*b**2 - 3*b - 9. Let v(c) = -5*c**3 + 5*c**2 + c + 3. Let z(i) = -6*d(i) - 17*v(i). What is z(-5)?
-2
Let g(v) = v - 2*v**2 + 1 - 3 + 0*v**2 - 2*v**3 + 6*v**2. What is g(3)?
-17
Let s = -30 - -27. Let h(m) = m**2 - m - 2. Calculate h(s).
10
Let k be 12/4 - (1 - -6). Let d(r) = 4*r**3 - 3*r - 6. Let u(x) = -7*x**3 - x**2 + 7*x + 12. Let c(n) = -5*d(n) - 3*u(n). Calculate c(k).
2
Let o(u) = 3*u**2 - 11*u + 5. Let l(d) = -2*d**2 + 6*d - 2. Let t(r) = 5*l(r) + 3*o(r). Suppose 5*y + 26 = -2*z, 2*y - 4*z + 11 = -5*z. Calculate t(y).
1
Let f = -32 + 34. Let y(o) = -7*o**2 + 3. Let h(a) = -4*a**2 + 2. Let w(i) = 5*h(i) - 3*y(i). Calculate w(f).
5
Let h = 1 - 2. Let a be h/((1/7)/(-1)). Let f(w) = 8*w**3 - 3*w**2 + 2*w + 5. Let r(s) = 16*s**3 - 5*s**2 + 3*s + 9. Let d(o) = a*f(o) - 4*r(o). Give d(1).
-8
Let k(n) = -7*n - 4. Let b(v) = v. Let a(o) = 4*b(o) + k(o). Let l(y) = 3*y + 5. Let g(r) = 5*a(r) + 4*l(r). What is g(-2)?
6
Let n(m) = -7*m**2 - 2*m + 2. Let o(j) = -j**2. Let y(z) = n(z) - 6*o(z). Let s = -8 + 12. Let g be s/6 + (-8)/3. Determine y(g).
2
Let h(n) = 2*n + 2 - 14*n + 6 + 10*n. Calculate h(6).
-4
Let t(i) = 4 + 2*i - 4. Let p be (1/(-1) - -4) + 0. Give t(p).
6
Let x(y) be the third derivative of -1/15*y**5 - 1/4*y**4 + 0*y + 1/120*y**6 + 0 + 4*y**2 - 7/6*y**3. Give x(5).
-12
Let l(x) = -8*x**2 + 1. Let u(b) = -b + 10. Let z be u(7). Suppose -5*n = -3*i - 12, 3*i - 4 = -z*n + 8. What is l(i)?
-7
Let f(y) = 6*y - 2*y - 1 + 5 - 2*y. Determine f(-7).
-10
Suppose 4*s = -0 + 4. Let v be (-39)/12 + s/4. Let j(k) = k**2 - 2 + 12*k - k**2 - k**2 - 15*k. What is j(v)?
-2
Let s be (-2)/10 + 84/(-30). Let i(a) = a. Determine i(s).
-3
Let r(k) = k**3 - 4*k**2 - 3. Let p(z) = -z**3 + 5*z**2 - z + 3. Let t(v) = -5*p(v) - 6*r(v). Determine t(-3).
6
Let k(w) = w - 13. Let h be k(13). Let q(t) = -t + 3. Determine q(h).
3
Let z(x) be the second derivative of -x**4/12 - 4*x**3/3 + 4*x - 1. What is z(-8)?
0
Let p(o) = o + 1. Suppose -4*d + 0*m - 7 = 5*m, -2*m - 1 = d. Let c(y) = -y**3 - 3*y**2 - 4*y - 2. Let z be c(d). Suppose 2*t + 0 = z. What is p(t)?
6
Let n(d) be the second derivative of d + 0*d**2 + 1/3*d**3 + 0. What is n(-2)?
-4
Let w(z) = 0*z**2 - 2 + 4 + 5*z + z**2 + 0. Let f be w(-5). Suppose 2*q - 20 = -i + 6*q, f*q + 10 = 4*i. Let l(v) = v**3 - 7. Determine l(i).
-7
Let d(n) = -n - 1. Let v be ((-2)/(-4))/((-1)/6). Let q be d(v). Let j(i) = -2*i**2 - 2*i + 8*i - 3*i. Determine j(q).
-2
Suppose 3*w - t + 13 = 0, t + 0*t = -5*w - 11. Let g(b) be the first derivative of b**4/4 + b**3 + b**2/2 + 4*b + 4. What is g(w)?
1
Let w(h) be the first derivative of h**4/4 - 4*h**3/3 - 3*h**2/2 + 2*h + 4. Calculate w(4).
-10
Let z(t) be the third derivative of t**6/120 - t**5/20 - t**4/6 + t**3/6 + 31*t**2. What is z(4)?
1
Let v(g) be the second derivative of g**4/12 - 7*g**3/6 + 5*g**2/2 + 2*g. Give v(6).
-1
Let j(o) = 10*o - 7. Let u be j(3). Suppose 3*v + 4*b = -u, 0 = 4*v + 3*b + b + 28. Let x(l) = 11 - 4 + 2*l + l. What is x(v)?
-8
Let w(r) be the second derivative of r**6/720 - r**5/60 + r**4/4 - 3*r. Let l(o) be the third derivative of w(o). Give l(-2).
-4
Let s(a) = 6*a - 7*a - a + a**3 + 8*a - 5*a**2. Calculate s(4).
8
Let i(v) = -2*v**2 - 12*v - 5. Let t(m) = m**2 + 6*m + 3. Suppose -4*q + 4*u + 12 = q, q - 2*u = 0. Let s(l) = q*i(l) + 7*t(l). Calculate s(-5).
6
Let j(a) = a**2 - 5*a + 3. Suppose 17 = 5*t + g, 4*g = 3*t - 0 - 1. Suppose -2*y + 26 - 9 = 3*s, 5*s = 3*y + t. What is j(s)?
-3
Let m(r) = 31*r. Let k(o) = -6*o. Suppose -3*g - 4*f = -17, -2*g = -4*g - 4*f + 14. Let z = g - 14. Let l(a) = z*k(a) - 2*m(a). Determine l(1).
4
Let z(a) be the first derivative of a**5/60 - a**3/3 - 1. Let v(s) be the third derivative of z(s). Let n be 3/2*(-20)/(-15). Give v(n).
4
Suppose -3*q - 3*j + 3 = 0, -14 = 2*q - 6*q - 2*j. Let u(i) = -2*i + 4. Give u(q).
-8
Let u(q) be the second derivative of -q**4/6 + q**2/2 - 22*q. Determine u(1).
-1
Let c be ((-1)/(-3))/((-3)/18). Let i(v) be the second derivative of v**4/4 + v**3/2 + v**2 + v. Give i(c).
8
Let d(o) = -o**3 + o**2 - o. Let t(h) = h**3 + 7*h**2 + 6*h - 2. Let u be t(-6). What is d(u)?
14
Suppose 4*y - 6 = 2. Let v(o) be the second derivative of -o**4/6 - o**3/6 + 3*o. What is v(y)?
-10
Suppose 3*u + 0 = -12. Let s(m) = -m**2 - 5*m. Let g(f) = 2*f**2 + 10*f - 1. Let x(i) = 6*g(i) + 13*s(i). What is x(u)?
-2
Let m(u) = 2 - 3 + 0*u**3 + 6*u - u**3 + 3*u**2. Let t(y) = y**2 + y + 4. Suppose 6 = -5*j + 3*j, 2*r - 4*j = 12. Let i be t(r). Determine m(i).
7
Let n = -20 + 21. Let p(g) be the second derivative of 11*g**4/12 - g**3/3 + g**2/2 + 5*g. Calculate p(n).
10
Let v be 2 + (0 - -2)*-1. Let o(r) be the first derivative of -r**2/2 - 6*r - 6. Give o(v).
-6
Let l(k) = 10*k**3 + 5*k**2 + 8*k + 19. Let y(j) = 3*j**3 + 2*j**2 + 3*j + 6. Let m(x) = 2*l(x) - 7*y(x). Give m(-3).
2
Suppose 1 - 13 = 4*i. Let f(d) = 2*d**2 + d + 1. What is f(i)?
16
Let m(i) = 13*i**3 - 3*i. Let k(d) = 9*d**3 - 2*d. Let j(z) = -7*k(z) + 5*m(z). Determine j(-1).
-1
Let b(d) = 4*d**2 + 2*d + 1 - d**3 + 3*d**2 - 2*d**2 - 4*d**2. Determine b(2).
1
Let o(i) = -i**2 - 4*i + 4. Let q be (2 + -3)/((-2)/(-6)). Let j(w) = -w**3 - w**2 + 4*w + 1. Let b be j(q). Suppose 0 = 2*c - 1 + b. Determine o(c).
7
Let s(t) = t**3 - 6*t**2 + 2*t - 5. Let l = 12 + -6. Calculate s(l).
7
Let x(m) = m + 6. Let r = -3 + -5. Let l be (-16)/3 + r/12. Determine x(l).
0
Let w(i) be the second derivative of -i**2 + 0 - i - 1/6*i**3 - 5/12*i**4 - 1/20*i**5. Suppose d - 3*y + y - 5 = 0, -4*y = 5*d + 45. Determine w(d).
3
Let s(c) = -4*c + 1. Let q be (-3 - -3 - -1)/(0 - -1). Give s(q).
-3
Let f(s) = -4*s**2 + s**3 + 1 - 568*s + 3 + 564*s. Determine f(5).
9
Let m(c) = -2*c**3 + 10*c**2 + 11*c + 5. Let p(v) = 5*v**3 - 21*v**2 - 23*v - 10. Let d(n) = -7*m(n) - 3*p(n). Calculate d(-6).
7
Let f = -7 - -7. Let m(v) = -v + 0*v + f*v - 4 + 0*v. Give m(-4).
0
Let v(f) = -7*f + 3. Let i(d) = -9*d + 5. Let k(r) = 3*i(r) - 4*v(r). Let g = -9 - -4. Give k(g).
-2
Let m(p) = p**3 - 6*p**2 - 2*p + 5. Let k be ((-24)/14)/(6/(-147)). Let q be 12/k + (-178)/(-14). Suppose -3*c = -5*o - q, -c + o + o + 4 = 0. Determine m(c).
-7
Let s(g) be the second derivative of -g**5/20 + g**4/12 + 5*g. Calculate s(0).
0
Let x(o) = -4*o - 2. Let u(r) = 9*r + 4. Let j(p) = -3*u(p) - 7*x(p). What is j(-6)?
-4
Let y be 6/4 - (-14)/(-4). Let i(s) be the second derivative of -s**4/12 - s**3/6 + s**2 - 4*s. Calculate i(y).
0
Suppose 0 = -2*i - 10 + 4. Let n(p) = -p**2 - p + 2. Give n(i).
-4
Suppose 0 = -0*u + u - 5*j, -4*j = 3*u. Let o(h) be the second derivative of u + 1/10*h**5 - h + 1/12*h**4 + 0*h**3 + 0*h**2. Calculate o(-1).
-1
Let y = 2 - -2. Suppose 5*t - 30 = -5*j, j + 0*j - 15 = -y*t. Let d(r) be the second derivative of -r**4/12 + r**3/2 - 2*r. What is d(t)?
0
Let y(s) = 2 + 2*s + 0*s**3 + 0*s**3 + s**3 - 3*s. What is y(2)?
8
Let f(l) be the third derivative of 1/60*l**5 - 2*l**2 + 0 + 1/6*l**4 - 1/6*l**3 + 0*l. Let a(w) = w**3 + 8*w**2 - 10*w - 13. Let i be a(-9). Calculate f(i).
-1
Let h(a) = 2*a**3 + 3*a**2 - 1. Let u be h(-2). Let z(d) = 6 + d**2 + 14 - 15 + 2*d + 3*d. Calculate z(u).
5
Suppose -k - 2 = 2. Let t(n) = -11*n**3 + 3*n**2 + 9*n + 7. Let r(d) = -6*d**3 + 2*d**2 + 5*d + 4. Let w(o) = k*t(o) + 7*r(o). Give w(-2).
-6
Let g(m) be the second derivative of -7*m**3/6 - 26*m. Give g(-3).
21
Suppose -3*p = -p. Let z be (-1*8)/(p - 2). Let l(h) = 12*h - 7 + 3 - 11*h. What is l(z)?
0
Let x(v) be the first derivative of v**2 + 2*v - 10. Determine x(-4).
-6
Let l(q) = 0 - 3 - 6*q - q**2 + 11*q. Calculate l(3).
3
Let i(f) = -2*f**2 + 38*f + 3*f**2 + 4 - 35*f. Determine i(-3).
4
Let k(g) = -5*g + 6. Let i(l) = 4*l - 5. Let r(j) = -4*i(j) - 3*k(j). Determine r(6).
-4
Let n(u) = 4*u. Let v be n(1). Let f(k) = 0 + 3 + v*k - 4*k - 2*k. Determine f(2).
-1
Let u(k) = -2*k - 11. Let m be u(-6). Let v(r) = 8*r - 1. Determine v(m).
7
Let x(g) = 1 + 3 - 2*g - 4 - 1. Wh